
-3 + 7 - 4 - 1 - -2
1
What is the value of -1 + (-2 - 0) + 4?
1
Calculate -8 - -13 - 8 - (-2 + -8).
7
Evaluate (0 - -1) + (-6 - -7).
2
-82 + 88 - (3 + 0)
3
What is the value of 11 + (-10 - -6) - 5?
2
(13 - 7) + -8 - 6 - -1
-7
Calculate (8 - -1) + (0 - (5 + -1)).
5
What is the value of -5 - 0 - -7 - 5?
-3
What is (189 - 190) + 5 + 0 + -1?
3
Calculate 9 + (7 - (3 + 7)).
6
What is the value of (-8 - (11 + -24)) + -4?
1
(0 - -3) + -4 + 1
0
What is 14 + -16 + (0 - 0) + 0?
-2
Evaluate (-8 - -1) + (-11 - -13).
-5
Evaluate 5 - (0 + -6 - -19).
-8
What is the value of (1 - -2) + 72 + -74?
1
What is the value of -2 + (9 - (-8 + 8))?
7
What is the value of 1 - (0 - (1 + -5 - -1))?
-2
Evaluate -1 + (-3 + 2 - (9 + -8)).
-3
What is the value of (1 - (-6 + 4)) + -3?
0
What is the value of -4 + 2 + 2 + -1 + -3?
-4
Calculate -3 - (-2 + -2 + 15 + -13).
-1
What is the value of -1 + 2 - (3 + -2)?
0
5 - 5 - -5 - 0
5
Calculate -2 + (6 - 5) + 1.
0
What is the value of 14 + -27 + 20 + 3?
10
Evaluate -3 + 16 - (-1 - -8).
6
What is the value of -3 + 3 + (-2 - -8)?
6
What is (7 - 4) + -5 - -4?
2
What is (-10 + 2 + 3 - -5) + -1?
-1
Evaluate -3 + (-2 - (0 + -4)) - 1.
-2
Calculate (-2 - 5) + 46 + -30.
9
What is (14 + -8 - -1) + -1 + -1?
5
1 + (2 - (2 + 1))
0
What is the value of 0 + 1 - (1 - 6 - -3)?
3
10 + (-11 - -3) - (0 + -1)
3
What is 4 + -2 + 3 + -2 - -2?
5
-3 - (2 - 4 - 8 - -4)
3
What is 3 - (-2 + (9 - 4))?
0
What is 1 + 6 + -12 + (17 - 7)?
5
Calculate 5 - (-5 - -13 - -2).
-5
What is the value of 0 - 7 - (-14 + 12 + -3)?
-2
(32 - 23) + -8 + 2
3
What is the value of 9 - (9 + (3 - 3))?
0
What is -4 + -3 + 9 + -5 + 1?
-2
Calculate (-1 - 2) + (1 - -5 - 1).
2
-1 - -3 - (-7 + 6)
3
What is the value of -1 - (1 + -3) - (10 + -7)?
-2
What is -6 - -1 - (-28 + 26)?
-3
Calculate 1 + 11 + (12 - 16 - 2).
6
Calculate -85 - -81 - (-2 - 0 - -4).
-6
5 + (-1 + -1 - (-23 - -27))
-1
Calculate (-6 + 8 - -4) + 2 + -4.
4
What is 0 + (-2 - 0) + (-8 - -13)?
3
What is the value of (-4 - -3) + 0 + -4?
-5
What is the value of 7 - (21 + 0 + -11)?
-3
1 - -2 - (-6 + 5)
4
-5 + 1 - (-5 - 0) - -2
3
8 - (1 + 19 + -11 + 5)
-6
(2 + -9 - -1) + -4 + 4
-6
What is the value of (40 - 34) + (-3 - 1)?
2
Calculate -1 + (-3 - -2) + -1.
-3
What is the value of (1 - -1) + 1 - (0 - 1)?
4
What is -24 - -27 - (-2 + 11 + -1)?
-5
What is the value of -13 + 14 + (-2 - -1)?
0
What is the value of -3 + 0 + 6 + (1 - 5)?
-1
What is 2 + -2 - -4 - -1?
5
0 + 1 + -2 + -4
-5
Calculate 4 - -1 - (4 + (13 - 9)).
-3
Calculate (26 + -28 - (-7 - 1)) + -7.
-1
Calculate (5 - (3 - 2)) + 0.
4
Evaluate 0 + 0 + -6 + 3.
-3
What is -2 + 3 - (-5 + 10) - -2?
-2
What is -3 - -1 - (6 - 4) - 1?
-5
What is -4 - ((9 + -1 - 3) + -3)?
-6
Calculate 1 + 12 + (-2 - 7 - -2).
6
What is -4 + 1 + (-1 - -4) - 4?
-4
What is the value of (0 - -3 - 4) + 1 - 4?
-4
What is 3 - -1 - (11 + -2 + -6)?
1
Evaluate -1 + (1 - (-2 - (1 - 4))).
-1
Calculate (19 - (6 + 2)) + -2.
9
Evaluate 7 + -14 + (1 - -9).
3
What is -1 + (1 - ((-3 - -4) + 2))?
-3
What is (6 - 8 - -3) + 5?
6
What is the value of (2 - (0 - 3)) + -11 + 5?
-1
What is 1 - ((8 - 5) + -7) - 1?
4
What is the value of 1 - 2 - (-1 + 2)?
-2
-4 + 1 + -4 + 8
1
What is the value of -13 + 0 + 7 - -6?
0
What is the value of -4 - 1 - -2 - (-10 - -3)?
4
What is 1 - (1 + -4 + 3)?
1
Calculate (0 - -1) + (-4 - (-1 - 3)).
1
Calculate 2 + 4 + -2 + (-7 - -6).
3
Calculate (7 + -9 - (1 - 0)) + 3.
0
What is the value of (-12 - (-13 + -3)) + 1 + -2?
3
Evaluate (-3 - -12) + (-4 - -3 - 3).
5
Evaluate -2 + -3 + 8 + (0 - 3).
0
7 - (-6 - (-7 + -1) - -6)
-1
Evaluate -3 + 2 + -2 + 3 + -1.
-1
What is 0 + (-6 - -8 - 3)?
-1
What is 3 - (2 - 4 - 3 - -8)?
0
What is -7 + 2 + (-7 + 8 - -1)?
-3
What is 14 + -9 + 0 + 0 + 0?
5
-2 + 0 + (1 - 3) + 3
-1
(5 + -1 - 0) + -6
-2
What is 0 + (1 - 2) - (6 + -9)?
2
What is the value of -1 - (-26 - -26 - (-1 + -2))?
-4
Evaluate 1 + (4 - (3 - -1)).
1
-6 + 4 + 7 - 1
4
Evaluate (17 - (1 + 6)) + (-13 - -6).
3
21 - 18 - (5 - -1)
-3
Evaluate -29 - -37 - (-2 - -9).
1
Calculate -5 + (0 - (-4 - -7 - 3)).
-5
Evaluate -2 + 10 + -1 + 1.
8
Evaluate 3 + (-2 - (1 + 1)).
-1
Calculate -4 + (0 - -11) - 3.
4
5 + 4 + (7 - 17)
-1
4 - -1 - (16 - 12)
1
What is the value of (-3 - (1 - 1)) + (-61 - -63)?
-1
Calculate -3 - (-5 + 10 + -10 + -2).
4
Calculate (-20 - -28) + -1 + -2.
5
What is the value of -1 + -5 + 12 + -2?
4
Evaluate -4 - ((-4 - -7 - -4) + -6).
-5
Evaluate 7 + 11 + -10 + -8.
0
What is the value of (4 - 8) + -1 + 2 + 4?
1
6 + 3 + (35 - 41)
3
-4 - ((4 - 1) + -5)
-2
What is the value of -6 + 2 + 1 - (2 + 0)?
-5
-4 + -1 + -3 + 3
-5
What is the value of (-4 - -1) + -1 + 5?
1
Evaluate 0 - (-9 - -9) - 3.
-3
Evaluate 0 + 2 + -1 + 2 + 1.
4
Evaluate 3 + (-3 - 0) - -2.
2
What is the value of -5 - -13 - (11 - 9)?
6
Evaluate -1 - (-2 - (-3 + -2) - 0).
-4
-18 + (35 + -12 - 11)
-6
What is the value of (-3 - (-9 - -6) - 0) + 4?
4
What is the value of -7 + (-17 - -22) + (2 - 0)?
0
Evaluate (0 - 6) + (-2 + 5 - 3).
-6
What is 2 - (12 + 0) - -8?
-2
-3 - -5 - (-6 - (6 - 4))
10
What is the value of -1 + (7 - -5) + -5?
6
Calculate -2 + -2 + (-3 - -2).
-5
What is 6 + -9 - (0 + -1)?
-2
19 + -19 - (-1 - 1)
2
Evaluate -2 + (6 - 7) - 6.
-9
Evaluate -19 - -19 - (-1 - (1 + -2)).
0
Evaluate 0 + 4 + -1 + (-3 - -4).
4
Calculate 6 + -1 + (0 - 2 - -2).
5
What is 4 - (10 + -10 - -5)?
-1
What is the value of (0 + 5 + -8 - -4) + 2?
3
What is the value of (-3 + -2 - -2) + -1?
-4
What is the value of 11 - 5 - (-9 + 14)?
1
Evaluate 9 - (5 - 1) - 3.
2
1 - (1 + 6) - (27 + -30)
-3
Evaluate -2 + 1 + -6 + 3.
-4
What is the value of -2 + (3 - -1) - (-14 - -24)?
-8
Calculate 4 - (5 + -2 + -4 + -3).
8
Evaluate 0 + 5 + -1 + -6.
-2
What is (3 - (-5 - -18)) + 6 + -1?
-5
Evaluate 0 - (-2 + 0 + 0 + -1).
3
What is (-3 - -4) + 2 + (8 - 7)?
4
Calculate -1 - 4 - (-5 + -2 + 7).
-5
-2 + (-1 + 6 - (4 + -5))
4
Evaluate 11 + (-23 + 11 - 1).
-2
Calculate -3 - 2 - -2 - (-3 + -2).
2
Evaluate 1 - (4 + 1 + -4).
0
Evaluate -3 + (12 - (3 - (4 - 5))).
5
Calculate -85 + 82 - ((8 - 1) + -2).
-8
Calculate -1 - (1 + (-1 - -2) + -1).
-2
Evaluate 5 + -15 - (6 - (4 - -4)).
-8
What is -3 + 12 + 0 + -5 - 0?
4
Calculate -1 - -2 - (-16 + 13).
4
What is 15 - (7 - -6) - 6?
-4
What is the value of 5 - ((9 - 5) + 6)?
-5
Calculate (-5 - (2 + -5 + -16)) + -7.
7
What is -3 + (-11 + 17 - (0 + 1))?
2
What is -2 + (6 - (5 + 4))?
-5
What is (-5 - -1) + (3 - -6)?
5
What is the value of -1 + 3 + -2 + 5 + -2?
3
What is 1 + -5 - -1 - (10 - 12)?
-1
Calculate 2 + (-5 - 0) + -1 + 1.
-3
Evaluate -22 - -18 - (0 - 3).
-1
Evaluate -4 - (-9 - ((-1 - -3) + -7)).
0
0 + -12 + 7 - (-4 + 0)
-1
Evaluate -6 - (-1 - (-3 - -5)).
-3
Evaluate -3 + 3 - (1 + 0).
-1
Calculate -9 - (-29 - -24 - (1 + -3)).
-6
-2 + 11 + -5 + (-5 - 2)
-3
Calculate (-7 - (-7 - -7)) + 2.
-5
Evaluate (5 - 0) + -4 - -1.
2
Calculate 2 - -1 - (45 + -43).
1
Evaluate -4 + -5 - ((-13 - -5) + 8).
-9
Calculate 0 - 3 - (-6 - -1).
2
Calculate (-4 - 0) + 2 - 3.
-5
What is the value of (1 - -4) + -3 - 6?
-4
Calculate 7 - -1 - (17 - 9).
0
(7 - 1) + 9 + -10
5
What is the value of -8 + 15 + -6 - 4?
-3
What is (-9 - (-16 + 3)) + 2?
6
What is the value of -7 + 11 - (3 + -1 - -3)?
-1
Calculate 1 + 4 - (2 + (-3 - -2)).
4
What is -12 + 6 + 10 + -6?
-2
What is (2 - 4) + 6 + -2?
2
What is the value of (-5 - -7) + -7 + 1?
-4
Evaluate (10 - 4) + -4 + -3 + 3.
2
What is the value of 2 - (-2 + (1 - 0 - 2))?
5
What is (1 - -3) + (-16 - (4 + -16))?
0
-1 + (-3 - -5) + -3
-2
Evaluate (-1 - -3) + (30 - 24) + -2.
6
What is the value of -2 + 7 + (-16 - -14)?
3
Calculate 5 + -1 + (-4 - 0) - 6.
-6
Evaluate -15 + 3 - (-10 + (3 - -2)).
-7
Calculate (-156 - -158) + (1 - 2) + -7.
-6
What is 4 + (1 - (4 - 2))?
3
What is the value of (-3 - -2) + (3 - 3 - -6)?
5
(55 - 59) + (2 - 0) - -9
7
9 + (-6 - (1 + -3))
5
Evaluate 0 + -1 + 5 + -1 + -8.
-5
Evaluate (-2 - -6) + (-8 - 1).
-5
Evaluate 2 - (6 + (-12 - -4)).
4
What is 2 + -1 + -1 + 0?
0
What is the value of -5 + (10 - 3) - -1 - 0?
3
(-10 - -14) + 3 + -2
5
4 + 8 + -7 + -1
4
Calculate 5 - (-2 + 0) - 3.
4
What is the value of 0 + 0 - (51 - 56)?
5
Evaluate (-4 - 2) + 9 - 14.
-11
Evaluate 1 - ((16 - (2 - -5)) + -2).
-6
What is -5 + -4 + (6 - -2)?
-1
What is the value of (-26 - -26) + (2 - 4)?
-2
Calculate -8 + 0 - (-8 - -4).
-4
0 + 1 + (2 - 8) + 1
-4
Calcul